s 162 a factor of 202759605?
False
Does 314 divide 1993805537?
False
Is 4412271 a multiple of 386?
False
Does 623 divide 9491721?
False
Does 13 divide 59100364?
False
Is 10907828 a multiple of 29?
True
Does 565 divide 252000050?
False
Is 3769 a factor of 189850305?
False
Is 266109935 a multiple of 27?
False
Is 3528 a factor of 1155663432?
True
Is 3391235 a multiple of 797?
True
Is 21359350 a multiple of 5?
True
Is 29 a factor of 9369180?
False
Is 94147109 a multiple of 2?
False
Is 37135767 a multiple of 18?
False
Is 15398136 a multiple of 4?
True
Is 17 a factor of 1879505939?
False
Does 501 divide 9044735?
False
Is 75 a factor of 768375?
True
Is 116641946 a multiple of 30?
False
Is 99564532 a multiple of 31?
False
Is 7 a factor of 180798420?
False
Is 118 a factor of 1400308832?
True
Is 425 a factor of 2393118900?
True
Is 140170099 a multiple of 292?
False
Is 38 a factor of 22503486?
True
Is 13 a factor of 277800412?
False
Does 327 divide 6910786?
False
Is 76 a factor of 142962916?
True
Is 19149871 a multiple of 1635?
False
Is 6036249275 a multiple of 25?
True
Is 128659882 a multiple of 435?
False
Does 29 divide 451820090?
False
Does 8 divide 46175667?
False
Does 5 divide 725759340?
True
Is 1118850467 a multiple of 1467?
False
Does 14 divide 27029394?
True
Is 570708066 a multiple of 6?
True
Is 13 a factor of 14639402?
False
Is 242 a factor of 35810422?
False
Does 1906 divide 130095936?
True
Is 829371280 a multiple of 1480?
True
Is 181684272 a multiple of 5?
False
Is 13 a factor of 55564847?
True
Is 5 a factor of 56955261?
False
Is 124 a factor of 97108195?
False
Is 9088004 a multiple of 11?
False
Is 81 a factor of 211782681?
True
Does 36 divide 109234567?
False
Is 545376618 a multiple of 129?
False
Does 6 divide 16218835?
False
Is 1110 a factor of 24354510?
True
Is 15 a factor of 1226819595?
True
Is 117 a factor of 10678473?
True
Is 34433628 a multiple of 1454?
True
Is 1850 a factor of 488520250?
True
Does 11 divide 45616499?
False
Is 2360964530 a multiple of 912?
False
Does 7268 divide 1521773840?
True
Is 73 a factor of 3540715960?
False
Is 78232513 a multiple of 452?
False
Is 82386978 a multiple of 16?
False
Does 63 divide 171065992?
False
Is 2822 a factor of 12017013?
False
Is 54759964 a multiple of 9?
False
Is 28 a factor of 869897392?
True
Is 8030680 a multiple of 580?
True
Is 281 a factor of 1725577546?
False
Is 53 a factor of 1098612217?
False
Is 1588720608 a multiple of 48?
True
Is 31 a factor of 2516541777?
True
Does 3923 divide 191260429?
False
Does 41 divide 45526523?
True
Is 2259 a factor of 1001656413?
True
Is 4908081611 a multiple of 414?
False
Is 6682646 a multiple of 80?
False
Is 467021994 a multiple of 1921?
True
Is 15019302 a multiple of 70?
False
Is 1438028280 a multiple of 500?
False
Is 472 a factor of 1774376856?
True
Does 63 divide 315520626?
False
Is 3064 a factor of 951056408?
True
Is 297 a factor of 1939377924?
True
Does 2118 divide 879200862?
True
Is 23 a factor of 616077221?
False
Is 39 a factor of 2295007921?
False
Is 3776447052 a multiple of 1074?
False
Does 420 divide 9867347?
False
Is 77212797 a multiple of 68?
False
Is 892464055 a multiple of 511?
True
Does 3832 divide 2404882728?
True
Does 57 divide 111854453?
False
Does 1266 divide 106340202?
True
Is 12 a factor of 473890296?
True
Is 16522775 a multiple of 12?
False
Does 2155 divide 1458445369?
False
Is 3996 a factor of 145761419?
False
Is 28817100 a multiple of 135?
True
Is 225 a factor of 26487702?
False
Is 98 a factor of 23636285?
False
Is 13 a factor of 2722014542?
True
Is 374829595 a multiple of 35?
True
Does 4294 divide 2191048528?
False
Is 28645860 a multiple of 26?
False
Is 98814714 a multiple of 242?
False
Does 18 divide 5747598?
True
Is 988139691 a multiple of 91?
False
Does 545 divide 5762501?
False
Is 1332 a factor of 22191120?
True
Is 10 a factor of 528694248?
False
Is 4249 a factor of 819598108?
True
Does 8 divide 73176584?
True
Does 1517 divide 1249292656?
False
Does 693 divide 32809250?
False
Does 155 divide 382670510?
True
Is 14 a factor of 4222660316?
True
Is 23313899 a multiple of 208?
False
Is 28 a factor of 18915109?
False
Does 405 divide 122586750?
False
Is 2203 a factor of 629422099?
False
Is 20618269 a multiple of 7?
True
Does 2 divide 16432007?
False
Is 3006192 a multiple of 783?
False
Is 20 a factor of 2853249521?
False
Is 362405461 a multiple of 294?
False
Is 80438902 a multiple of 63?
False
Does 1311 divide 4334062059?
False
Is 326 a factor of 7426932?
True
Does 100 divide 128068200?
True
Is 7 a factor of 116879?
True
Is 206655438 a multiple of 114?
True
Is 47974320 a multiple of 720?
True
Is 49705600 a multiple of 2450?
True
Is 1471153772 a multiple of 673?
True
Is 218 a factor of 1657118934?
True
Is 293 a factor of 195000290?
True
Is 267049768 a multiple of 437?
False
Is 36 a factor of 11267224?
False
Is 351844853 a multiple of 610?
False
Does 37 divide 514132672?
False
Is 221327632 a multiple of 21?
False
Is 58394663 a multiple of 154?
False
Is 703 a factor of 1575202416?
False
Does 49 divide 70226359?
True
Does 24 divide 2023933176?
True
Is 57484705 a multiple of 264?
False
Is 62161566 a multiple of 435?
False
Does 24 divide 99716143?
False
Does 9101 divide 517319339?
False
Does 644 divide 51110216?
False
Is 76061627 a multiple of 40?
False
Does 338 divide 154792257?
False
Is 413 a factor of 205417527?
True
Is 189 a factor of 1031787618?
False
Is 71 a factor of 15411828?
True
Is 37054080 a multiple of 14?
True
Is 116214211 even?
False
Is 24 a factor of 52186224?
True
Does 2565 divide 219664035?
True
Is 1183963088 a multiple of 506?
True
Is 2834 a factor of 196375767?
False
Is 272403000 a multiple of 295?
True
Is 87 a factor of 89768636?
False
Does 11 divide 3801129926?
True
Is 1022385139 a multiple of 129?
False
Does 62 divide 2262877054?
True
Is 94 a factor of 603638082?
False
Is 506931344 a multiple of 124?
True
Is 34 a factor of 113391588?
False
Is 31 a factor of 12439401?
True
Is 243002005 a multiple of 74?
False
Is 160 a factor of 13046983?
False
Is 5928 a factor of 1941953520?
True
Does 486 divide 347784885?
False
Does 34 divide 428648407?
False
Is 137456701 a multiple of 915?
False
Is 37900994 a multiple of 11?
False
Is 139 a factor of 906565367?
True
Is 13193995 a multiple of 3321?
False
Is 13 a factor of 716604117?
False
Does 55 divide 28286381?
False
Is 1894400 a multiple of 185?
True
Does 94 divide 17766507?
False
Does 1947 divide 24514632?
False
Is 1065 a factor of 550470400?
False
Is 109391740 a multiple of 95?
True
Is 120 a factor of 428688753?
False
Does 35 divide 3663136610?
True
Is 11496270 a multiple of 859?
False
Does 741 divide 58621992?
True
Is 6340 a factor of 4077505975?
False
Is 135 a factor of 88757640?
True
Is 11 a factor of 83516818?
True
Is 1847614213 a multiple of 52?
False
Is 48 a factor of 1135795?
False
Does 282 divide 94241580?
True
Is 3135618720 a multiple of 520?
True
Is 3105129918 a multiple of 12671?
True
Is 13618176 a multiple of 312?
True
Does 2501 divide 112717569?
True
Does 392 divide 33507931?
False
Is 2307 a factor of 104247694?
False
Is 38808494 a multiple of 226?
True
Does 27 divide 79006698?
True
Is 50 a factor of 10334315?
False
Is 1728347 a multiple of 7?
False
Does 38 divide 999987009?
False
Does 66 divide 489495747?
False
Does 5 divide 923788158?
False
Is 2457 a factor of 122262777?
True
Is 1084233090 a multiple of 30?
True
Does 4289 divide 372163917?
False
Is 643 a factor of 244289396?
False
Is 23 a factor of 6696559?
False
Is 546 a factor of 159204127?
False
Does 93 divide 387090695?
False
Does 226 divide 27644546?
True
Is 318914752 a multiple of 16?
True
Is 16 a factor of 65212833?
False
Is 12 a factor of 118093452?
True
Is 13 a factor of 131278784?
True
Is 90 a factor of 470780414?
False
Is 179 a factor of 106830999?
False
Does 26 divide 308712972?
False
Does 26 divide 8782176?
True
Is 32 a factor of 132120324?
False
Does 8 divide 3509606182?
False
Is 156 a factor of 109217553?
False
Does 2071 divide 367283566?
True
Is 2613 a factor of 265682001?
True
Does 15 divide 1089219043?
False
Does 154 divide 3330977973?
False
Is 108366300 a multiple of 350?
True
Is 41 a factor of 336963475?
False
Is 112 a factor of 40954264?
False
Does 478 divide 208679067?
False
Is 167 a factor o